. What is the tens digit of w?
2
Let l = -14 - -19. Suppose 0 = 2*j + l - 49. Suppose -j = -3*i + 2. What is the units digit of i?
8
Suppose 3*q + 2*f = 4*q + 4, 2*q - 12 = -f. Suppose 4*i + 5*s - 48 + 5 = 0, -q*i + 45 = 3*s. What is the units digit of i?
2
Let h be 13 - (2 + 0/4 + -3). Let l = 4 + -4. Suppose l = -2*c + h + 18. What is the tens digit of c?
1
Suppose 12 = -z + i, 2*i + 39 = 5*z + 111. What is the units digit of (-4)/(z/(-564))*-1?
1
Let v(t) = -6 + 3 - 2 + 2*t + t**3 - t**2. Let l be v(4). Let x = -7 + l. What is the units digit of x?
4
Suppose -30 = 5*r - 5*p, 2*p + p - 17 = 2*r. Let y = 41 + r. What is the units digit of y?
0
Let h = 12 - 5. Suppose -5*a = -h - 158. Suppose r - 21 = p, -3*r - a = -4*r - 2*p. What is the tens digit of r?
2
Let v(m) = m**3 - 43*m**2 - 117*m - 153. What is the tens digit of v(46)?
1
Let k be (6/(-15))/(2/(-20)). Suppose f + k*t - 188 = -3*f, -5*f - t = -215. What is the tens digit of f?
4
Let m(j) = -2*j**3 + 8*j**2 + 4*j + 9. Let u be m(6). What is the tens digit of ((-2 - 1) + u)*5/(-15)?
3
Let c(f) be the second derivative of f**3/6 + f**2 + 5*f. Let p be c(0). Suppose 12 = -p*o + 64. What is the tens digit of o?
2
What is the units digit of 395/3 + 4/12 + 0?
2
Let r(k) = -7*k - 2. Let w be r(-3). Let h = w + -5. What is the tens digit of h?
1
What is the hundreds digit of (-12)/(-156) - (-36030)/78?
4
Let p(r) = -7*r + 1029. What is the hundreds digit of p(0)?
0
Suppose -40*l + 71024 = -83536. What is the tens digit of l?
6
Suppose c - 2*g = -3*c + 26, 2*g - 1 = c. Suppose -5*d = c - 79. What is the tens digit of d?
1
Let j = -818 - -1464. What is the hundreds digit of j?
6
Suppose -495 = -l - 197. What is the hundreds digit of l?
2
What is the units digit of (21*12/(-8))/(3/(-42))?
1
Let h(m) = -3*m - 12. Let n be h(-5). Let y be 22 - (-3)/n*-2. Suppose -3*l - y = -3*f - 107, -3*l + 77 = 2*f. What is the units digit of l?
7
Let l(h) = -h**2 - 6*h + 5. Let c be l(-6). Suppose c - 33 = -4*o. Suppose 3*q - o = 131. What is the units digit of q?
6
What is the hundreds digit of 613 + 2/(-5 - (-18)/4)?
6
Let x = 21 + -16. Suppose x*r = 2*h + 15 + 3, 0 = 5*h + 20. Suppose 0 = -5*q + 5*o + 175, 0 = -4*q - r*o + 248 - 84. What is the tens digit of q?
3
Let b(r) = -r - 4. Let h be b(-4). Suppose -7*k - 2*k + 1647 = h. What is the tens digit of k?
8
Let d(j) = -j**2 + 12*j + 31. Let g be d(14). Suppose 0 = g*q - 2*b - 279, 0*q + q - 82 = -3*b. What is the units digit of q?
1
Suppose j + 2*s = 1870, -s = -3*j - j + 7516. What is the thousands digit of j?
1
Suppose -8*z - 10*z = -14256. What is the tens digit of z?
9
Suppose 0 = -4*d + 11*d - 35. Suppose -5*y + 93 = 5*b - 82, d*y = 2*b - 56. What is the units digit of b?
3
Let n(p) = 5*p + 5. Let w(y) = y**3 + 9*y**2 + 7*y - 2. Let c be w(-8). Let l be 1/(-1) - (c - 11). What is the units digit of n(l)?
5
Let o(v) = 69*v + 1. Let g be o(-3). Let l = 143 + g. What is the units digit of ((-16)/6)/(6/l)?
8
Let t(l) = -l + 5. Let a be t(3). Suppose 2*q + 4 = -3*u, -2*u - a*q - q = 11. Suppose k + 3*z = 20, -u*z - 47 = -3*k + 2*z. What is the units digit of k?
7
Let g(n) = -n**3 + 12*n**2 - 7*n + 20. Let u be g(12). Let t = 117 + u. What is the units digit of t?
3
Suppose -5*b + 2*c + 11375 = 0, 9100 = 4*b - 6*c + 4*c. What is the thousands digit of b?
2
Let z(n) = 11 + 6*n + 18*n - 8*n + n**2. Let k be z(-11). Let o = k + 80. What is the tens digit of o?
3
Suppose 0 = 2*c + 2*t - 10, -3*c + t = 3 + 2. Suppose -21*y + 23*y - 200 = c. What is the tens digit of y?
0
Suppose 8 = 3*m - 4*x, 0 = 2*m - 5*x + x - 4. Suppose 0 = m*g - 63 - 409. What is the units digit of g?
8
What is the tens digit of 4/18 + (354314/153 - 8)?
0
Let w(k) = 6*k - 15. Let q be w(6). Let p = -8 + q. Suppose 1 = -3*n + p, 96 = 2*i + 5*n. What is the tens digit of i?
3
What is the tens digit of (-677)/(-1) + -6 + (-77)/(-7)?
8
Let r(f) = 3*f**3 - 10*f**2 + 2*f - 5. Let y be -3*(-16)/60*5. What is the units digit of r(y)?
5
Let w be -608*(1 - (-6)/(-4)). Let b = -126 + w. What is the tens digit of b?
7
Let v be (-51)/(-1) + 8/(-4). Suppose -384 = -5*y - v. What is the units digit of y?
7
What is the hundreds digit of (-63)/42*(-436)/6 + -5?
1
Suppose 4508 = 2*s - 3*b, -4*s + 1161 + 7847 = -4*b. What is the thousands digit of s?
2
Let c be (-2 + -3)/(-5) + -200. Let q = -281 - c. Let r = q + 115. What is the tens digit of r?
3
Suppose 2 = 8*o - 30. Let t(v) = 42*v - 8. What is the units digit of t(o)?
0
Let o(h) = h**2 - 2*h + 13. What is the tens digit of o(0)?
1
Suppose -13 = -4*l - 5. Suppose l = 5*p + 7. Let z = 11 + p. What is the units digit of z?
0
Let x be (4 - (-15)/(-3)) + 25. Suppose 3*n + 2 + 2 = 4*i, 0 = n + 5*i - x. Suppose 2*o + 4*u = 3 + 3, -5*o = -u - n. What is the units digit of o?
1
Suppose -k - 4*f + 158 = 0, 31 + 148 = k - 3*f. What is the tens digit of k?
7
Suppose 2*s + 2*v = -8, 6*s - 2*s - 3*v - 12 = 0. Suppose -i = 5*w - s*w - 10, -4*i = -w + 2. What is the units digit of (-90)/(-3) - -2 - i?
2
Suppose -7*s + s + 2268 = 0. What is the units digit of (5/15)/(2/s)?
3
Let q be (-34)/(-9) + 26/117. Suppose 0 = -5*f + q*t + 492, -3*t = f - 5*f + 393. What is the tens digit of f?
9
Let q(m) = m**3 + 18*m**2 + 14*m - 90. What is the tens digit of q(-14)?
9
Let c(f) = -f**3 - 2*f**2 - f. Let m be c(-1). Suppose 9*k - 269 - 1216 = m. What is the tens digit of k?
6
Let b be ((-6)/6)/(1/(-2)). Suppose -3*v - 3*o = -0*o - 12, b*v = -4*o + 10. Suppose v*u + 4*c - 240 = c, -2*u + 140 = -2*c. What is the units digit of u?
5
Let d = -603 - -996. What is the hundreds digit of d?
3
Let d be (93/5)/(1/(-5)). What is the tens digit of -1 - (2 + 0)*d?
8
Let g(n) = 4*n - 26. Let w be g(8). What is the units digit of 470/w - 1 - (-8)/12?
8
Let f(y) = 16*y + 35. Suppose 0 = 10*z - 12*z + 12. What is the hundreds digit of f(z)?
1
What is the units digit of ((-14)/4 + 3)*(-6478 - 32)?
5
Let h = -124 + 18. Let o = h - -191. What is the units digit of o?
5
Let h(k) = -4*k**3 + k**2 + 3*k + 1. Let x be h(-5). Suppose x + 497 = 4*d. What is the tens digit of d?
5
Suppose -4*q + 7*q = 18. Suppose -23 = q*i - 7*i. What is the tens digit of i?
2
Let a(h) = -h**2 - 10*h - 13. Let g be a(-8). Let p = 1 - 1. Suppose 3*m = -4*n + 81, p = -g*n + 7*n - m - 85. What is the units digit of n?
1
Suppose -3*a = 2*c - 8075, a - 3*c + 4*c - 2692 = 0. Suppose 12*v + 651 = a. What is the tens digit of v?
7
Suppose -a - 11*s + 6*s = -447, 5*s = -2*a + 914. What is the hundreds digit of a?
4
Suppose h + 2*h + 2*l = 32, 3 = 3*l. Suppose 3*n = -5*s + 65, -n + 5*s = -6*n + 95. Suppose h*o = n*o - 285. What is the units digit of o?
7
Suppose w = 6*w + 750. Let x be w/(-2) + 3 + 2. Suppose 2*z - x = -3*z. What is the tens digit of z?
1
Suppose 0 = 4*t + 3*a - 57, 56 - 15 = 3*t + 4*a. Suppose -4*u + 0*u - 44 = -5*l, -2*l = u - t. Suppose 0 = -l*v + 10*v - 10. What is the units digit of v?
5
Let k(m) = -6*m - 62. What is the units digit of k(-20)?
8
Let m(o) = 21*o - 18. Let f be m(10). Suppose -4*i + 264 = 2*x - 116, -x - 4*i = -f. What is the units digit of x?
8
Let f = -3 - -7. Suppose -3*n + 2*n + 42 = -4*l, -102 = -3*n + f*l. Suppose -3*p = -6*p + n. What is the tens digit of p?
1
Let r be (-3500)/(-75)*(-12)/(-10). What is the units digit of (-658)/r*(-5 + 1)?
7
Suppose 1714 = 2*i + 2*f, -5*i + 6*f + 3951 = -301. What is the tens digit of i?
5
Let o(z) = -128*z + 2. Let u be o(-1). Let w be 4/6 - 1596/(-9). Suppose -7*c + u = -w. What is the tens digit of c?
4
Let i be 11/((-2)/(0 + -14)). Let s be 22/i - 1768/14. Let f = -45 - s. What is the units digit of f?
1
Let k = -2973 + 1557. What is the hundreds digit of ((3 + -2)*2)/((-16)/k)?
1
Let f be (2/3)/(7*4/42). What is the tens digit of 6 + -6 + f + 79?
8
Let u = -2407 - -3735. What is the hundreds digit of u?
3
Suppose 205*v - 204*v = 961. What is the hundreds digit of v?
9
Let z = -7 + 10. Let v(p) = p**3 - 13*p**2 + p + 3. Let c be v(13). Suppose 5*w - 161 + c = -5*q, z = 3*w. What is the units digit of q?
8
Suppose 216 = -25*l + 3066. What is the tens digit of l?
1
Let q(l) = l**3 - 2*l**2 - 2*l + 1. Let v be q(3). Let x(k) = k**2 - 8*k + 10. Let m be x(v). What is the units digit of (-211)/(-5) + m/30?
2
Suppose -4*f + 5*f = -2*h + 19, -5*h = 20. What